= -2*f, 4*f - h + 4683 = 0. Let m = f - -2408. Is m composite?
False
Suppose -17*x - 19*x = -35*x - 55291. Is x prime?
True
Suppose 3*u = -431 + 1469. Is 3/9 + 3/18*u prime?
False
Suppose -3*l = j - 5*l - 60, 5*j = 3*l + 307. Let s = -33 + j. Suppose 2722 = -s*x + 31*x. Is x prime?
True
Let f(h) be the second derivative of 5*h**4/6 - h**3/2 + 2*h**2 + 4*h. Let a(w) = -2*w - 11. Let c be a(-7). Is f(c) a prime number?
False
Let k(u) = -u**3 + 8*u**2 - 2*u + 15. Let o be k(8). Let x be 80/240 + o + 2980/6. Is 4*-1 + 7 + x prime?
True
Let i(a) = -8555*a + 2826. Is i(-13) composite?
False
Let u = 18021 - 11492. Suppose -4*k + u = -1907. Let y = k - 898. Is y prime?
False
Let y be 790 + ((-6)/(-33) - (-53)/11). Suppose 0 = -2*i - i + y. Is i prime?
False
Suppose -16*i - 5*x = -11*i - 330, -5*x - 20 = 0. Suppose 5*p = 600 - i. Is p composite?
True
Let i(q) = -7*q**2 + 5*q + 3. Let p be i(-1). Is p/(9/(-416)) + 6 a composite number?
True
Let h be (-3)/18 - (0 + 50/(-12)). Suppose h*w = 2*c - 1383 - 5383, c - 3*w = 3380. Is c a prime number?
True
Let g be (-12)/4 + -10 - -5. Is (-31542)/g - (-10)/40 composite?
False
Suppose -5*b + 266558 - 52251 = -4*i, -2*b = 4*i - 85734. Is b a composite number?
False
Suppose 153*b - 57923773 = -2088106. Is b a composite number?
True
Let h be (19 + (-20)/6 + 4)*69. Suppose 4*o = -3*f + 2889, -2*f + 2*o + 555 = -h. Let l = 1438 - f. Is l prime?
True
Suppose -u - 3*h + 17 = -10, -3*h - 45 = -5*u. Suppose -4*q + q - u = 0, 2*b + q = 30090. Is b prime?
False
Let c(v) = 5 - 3*v + 3 - 5. Let y(l) = -16*l**3 + l**2 - 2*l + 1. Let i be y(1). Is c(i) a composite number?
True
Suppose 0 = 30*r - 2694245 - 10886065. Is r prime?
False
Suppose -4*d = -3*f - 902, -2*d = f + 3*f + 1232. Let y be f/(-17)*4/6. Suppose -1257 = -y*i + 2427. Is i a composite number?
False
Suppose -1947 = 11*d - 12012. Suppose 6*s - d = 315. Is s a composite number?
True
Suppose 2*s = 3*o - 3643812, 0 = -o + s + 477420 + 737183. Is o a composite number?
True
Suppose 2*x - 190985 = -0*x - 3*m, -x + 5*m = -95486. Is x prime?
False
Suppose -6615 - 15070 = -1447*r + 1446*r. Is r prime?
False
Let u(p) = 5*p + 11. Let k(v) = -6*v - 11. Let g(r) = 5*k(r) + 4*u(r). Let t(w) = 11*w + 11. Let c(f) = -5*g(f) - 6*t(f). Is c(-4) a composite number?
False
Let k be -3*2/(-12)*10. Suppose 30*j - 55 = 19*j. Suppose k*c + 2790 = j*f, -2231 = -6*f + 2*f + 3*c. Is f a composite number?
False
Is 45/90*(3 - 1) + 484670 + -4 a prime number?
False
Let c(a) = a**3 - 21*a**2 + a - 13. Let k be c(21). Let j(m) = m**3 - 8*m**2 + 2*m - 16. Let v be j(k). Suppose -6*f - f + 10619 = v. Is f prime?
False
Let t(i) = 2*i + 145. Let x be t(-13). Is x/68*(-28088)/(-2) a prime number?
False
Is (((-24)/48)/((-1)/2217))/((-6)/(-596)) composite?
True
Let k(o) = 14*o + 98. Let d be k(-9). Is 71 + 0 - (22 + d) a composite number?
True
Let p be 14/133 + 55/19. Is p*((-6999)/(-18))/((-5)/(-10)) a composite number?
False
Let u(v) = -2*v. Let w be u(-1). Suppose w*x - 183440 = -4*r - 2*x, x + 229318 = 5*r. Is r a composite number?
False
Let l = -446 + 446. Suppose l = -3*b + 6, 4*b - 407 = -5*q + 2*q. Is q a composite number?
True
Let m = -18 + 23. Suppose 4*r - 401 = y - 1144, -2*r = 10. Suppose 572 + y = m*a. Is a composite?
True
Let m(w) = 3*w**2 - 14*w - 5. Let n be m(6). Suppose 42580 = n*s + s. Is s a composite number?
False
Is ((7 + -27021)/13)/(-2) composite?
False
Suppose -j - 40 = 2*y - 51, -3*y + 24 = 3*j. Let n be 5 - 2*(-1)/(-2). Suppose -n*x + 166 = y*w - 717, w = -x + 294. Is w a composite number?
False
Let j(q) = -q**3 + 6*q**2 + q + 2. Let r be j(6). Let p(f) = -15*f + 7*f**2 + 5*f + 20 - 9 + 7*f + f. Is p(r) a prime number?
True
Let u(t) = -t**2 - t + 1. Let q(b) = 5*b**2 + 2*b - 4. Let g(r) = -q(r) - 4*u(r). Let w be g(2). Suppose -2*z + w*z + 1346 = 0. Is z prime?
True
Suppose 226*v - 224*v - 7958 = 0. Suppose o = 3*b + v, 3*o + 3*b - 11961 = -0*o. Is o prime?
False
Suppose -4*i = -2*o - 1 + 5, -i = 0. Suppose -5*a = -s + 969, -4*s - 3898 = -8*s - o*a. Is s a prime number?
False
Let d be (-4)/(6/(-4)*2/3). Suppose -3*t + d*n + 6902 = 0, n - 6 = -5. Suppose -2*i = -0*i - t. Is i prime?
True
Suppose 2*t + 2 = -5*h - 4, 8 = -5*h - t. Is (-6)/6 + (-1824)/h composite?
False
Is 4 - -20535 - (-9 - (5 + -10)) a composite number?
False
Suppose -26*x + x = 700. Is (-88)/6*21189/x a composite number?
True
Let t(l) = 2*l**3 + 10*l**2 - 5*l. Let f(g) = g**3 + 5*g**2 - 2*g. Let k(p) = 13*f(p) - 6*t(p). Let s be k(-4). Suppose -12*q = -s*q - 16908. Is q composite?
False
Suppose 191199 = -24*h + 230563 + 300068. Is h composite?
False
Suppose -36686 = 2*a - 21*a - 7*a. Is a a composite number?
True
Is -3*(30/55 + 9160564/(-132) + -7) a composite number?
True
Let b = 71813 - -15834. Suppose -12*l = 23483 - b. Is l composite?
False
Let w be (-4323592)/(-351) + (-2)/(-27). Suppose 668*n = 662*n + w. Is n a composite number?
False
Let h = 38522 + 59729. Is h prime?
True
Suppose 1239822 + 950253 = 15*t. Is t composite?
True
Let t be (-170188)/(-10) - ((-434)/70 + 5). Suppose -5*x + v + t = -4*v, -5*x + 16996 = 3*v. Is x composite?
True
Let x(f) = -235*f - 43. Let l = -36 - -24. Is x(l) composite?
False
Let w(r) = 5*r + 1. Let t(s) = 1025*s - 20. Let x(p) = -t(p) - 3*w(p). Is x(-10) a composite number?
True
Suppose -3*r + 57191 = -10*i + 8*i, r + 3*i = 19060. Is r a composite number?
True
Let s = 404183 - -155928. Is s composite?
True
Let j(l) = -51666*l - 115. Is j(-2) composite?
False
Let g be -19*1 + 3/(-18)*-6. Let d = g - -21. Suppose a = -d*j - 0*j + 508, -1464 = -3*a + 3*j. Is a a composite number?
True
Suppose -5*n - 16 = -9*n. Let c(z) = 194*z**2 - z - 9. Let q be c(n). Let x = -1692 + q. Is x a composite number?
False
Let d(j) = -19*j - 7. Let l be d(-9). Let y = l - 152. Suppose 4*b = -y, -u + 10660 = 4*u - 5*b. Is u a composite number?
False
Suppose 0 = -0*q + 14*q - 0*q. Suppose 9*m + 4266 - 22077 = q. Is m a composite number?
False
Suppose 514439 = -5*v + 1512284. Is v prime?
False
Let g = -498524 + 707955. Is g a prime number?
True
Let f = -23 + 23. Suppose 0 = 5*l - 3*l - 4. Suppose l*s - 614 - 216 = f. Is s a prime number?
False
Let r(k) = -2*k**3 - 5*k**2 + 3*k + 5. Let a be 2/9 - (210/(-27) - -4). Let y be r(a). Let z = 484 + y. Is z a composite number?
False
Let b(h) be the first derivative of 8*h**3 - 6*h**2 - 13*h + 10. Is b(12) composite?
False
Is (-502*87/(-12) + 2)*2 composite?
False
Suppose 0 = 50*y - 56*y + 288. Is (9 + -51882)/((y/4)/(-4)) prime?
True
Let z = 1367 + 6574. Is z a prime number?
False
Is (6 + 350/(-56))*-236356 composite?
True
Let a(m) be the first derivative of m**4/4 - 14*m**3/3 - m**2 + 32*m + 33. Is a(17) a prime number?
False
Let w = -8217 - -18637. Suppose -z = -5*a - 12087, -3*z + 3*a = -46705 + w. Is z a prime number?
True
Is (118/177 - (-580198)/6)*3 prime?
False
Suppose f + 146 = 3*m, 81 = 5*m - f - 161. Is 0 + (-11967 + 0)*(-16)/m a prime number?
True
Let y be 10/40 + 6/8. Is (y/4)/(8/320224) a prime number?
True
Let u = -28514 - -36973. Is u a composite number?
True
Suppose 0 = 9*i - 5*i + 84. Let b be (-12)/i + (-49505)/(-35). Suppose -5*g + 4*q + b = -4900, -2*q = -4*g + 5046. Is g composite?
False
Suppose -3*c = 2*o + 2*o - 10, -4*o = -2*c. Suppose 5*f - c*z = 7197, -4*f + 16*z + 5751 = 21*z. Is f composite?
False
Suppose 6*f + 2116 - 29488 = 0. Let l be ((-16)/8)/(4/f). Let n = -800 - l. Is n composite?
False
Let a = 390 + -400. Is 57132/8 + a/(-20) prime?
False
Let b = -2008081 - -3097874. Is b a prime number?
True
Suppose 198*m = 181*m + 1358691. Is m a prime number?
False
Is (-2 - 1)*((-2)/12)/((-10)/(-300260)) prime?
True
Suppose 22*h + 50*h - 160729406 = -2*h. Is h a composite number?
True
Suppose -396*d - 30500 = -401*d. Let m = d - 3359. Is m a composite number?
False
Let z = 75 - 74. Let n be (z/1 - -239) + -4. Is n*(-2)/(-6)*(-18)/(-12) a composite number?
True
Suppose -43*z - 683467 = -2397318. Is z composite?
False
Suppose 6471 = 2*m - 12201. Suppose -4*b + m = 4*d - 0*b, -4*b = -d + 2329. Is d a prime number?
True
Let c = -503 - -2514. Let x = 8812 + -4706. Let i = x - c. Is i composite?
True
Suppose -5*x + 181070 = 5*w - 8*x, -2*x = -3*w + 108641. Is w composite?
False
Let g = 12980 - -43692. Suppose 7*t - 7679 = g. Is t a prim